 factors of ((-12)/(-1))/(-4*3/p).
2, 19
Let n = -33 - -35. Let u(m) = -25*m**2 + 7*m**3 - 20*m**2 + 1 + 46*m**2 + 18*m**3 - n*m. What are the prime factors of u(1)?
5
Let v(f) = -f**2 - 258*f + 170. List the prime factors of v(-51).
17, 631
Suppose 0 = 4*s + 5*t + 11, s - 28*t + 3 = -29*t. What are the prime factors of s - 10408/(-20) - 2/5?
2, 3, 43
Let h = -95 + 195. Suppose -28*v - h = -33*v. List the prime factors of 15/v - 210/(-8).
3
Let t(w) = -271*w**3 + 5*w**2 + 21*w + 1. Let g be t(-3). Suppose 0 = 2*d - 8 - 2, 5*k = 5*d + g. List the prime factors of k.
5, 293
Let v be (-2 + (-5)/(-2))*0/(-7). Suppose -16*o + 9*o + 511 = v. Suppose -401 = -3*i + o. List the prime factors of i.
2, 79
Let g(b) = b**2 + 5*b + 2. Let k be g(-5). Suppose -i = 1, -k*a - 4*i + i = 21. Let y = 1 - a. List the prime factors of y.
2, 5
Let f = 1630 - 1567. Suppose -3*k + 207 = -21. Suppose -a = -f - k. List the prime factors of a.
139
Suppose 0 = -4*p + 225*x - 227*x + 560, 0 = 3*x + 6. What are the prime factors of p?
3, 47
Let c = -4 + 0. Let l(x) = -2*x**2 + 43*x - 19. Let y(w) = w**2 - 21*w + 9. Let p(n) = c*l(n) - 9*y(n). List the prime factors of p(8).
67
Let o be (-6072)/(48/(-6)) + 4. Let b = o + -19. List the prime factors of b.
2, 3, 31
Suppose 0 = -4*n - 2*k + 7848, 2135 = 2*n - 4*k - 1789. What are the prime factors of n?
2, 3, 109
Let q be 90/42 - (-2)/(-14). Suppose -4*w + 7008 = 2*l, 0 = q*w - 0*w + 4*l - 3510. What are the prime factors of w?
17, 103
Let j = 52 - 54. Let t(w) = 60*w - 6. Let u be t(j). Let f = 185 + u. List the prime factors of f.
59
What are the prime factors of 32/16*(-58510)/(-20)?
5851
Suppose 37*a - 367127 - 782204 = 0. Suppose -27101 - a = -37*y. List the prime factors of y.
2, 3, 131
Suppose 41*j - 71086 = 61590. List the prime factors of j.
2, 809
Let c be -1802*((-44)/(-8))/(-11). Suppose -544 = -5*l + c. List the prime factors of l.
17
Suppose 5*l + k + 3*k - 11846 = 0, -5*k - 5 = 0. Let q be ((-1)/(-4))/(5/l)*14. Suppose 15*y = -174 + q. List the prime factors of y.
3, 11
Suppose -3*z + 129 = -3*n + 396, -4*z + 12 = 0. What are the prime factors of n/22 - 12/66?
2
Let f be 8/(-12)*-6 + 1 + -1. Suppose -2*q + 5*b = -200, 0*q + 412 = 4*q - f*b. List the prime factors of 11116/q - (-4)/30.
2, 53
Let r(t) = 1269*t**2 + 257*t + 1280. What are the prime factors of r(-5)?
2, 5, 13, 61
Suppose 8454764 - 1276982 = 114*s. What are the prime factors of s?
79, 797
Let r(m) = -m**3 + 9*m**2 + 10*m + 15. Suppose -5*o + 33 - 8 = -5*a, 10 = 2*a. Let p be r(o). What are the prime factors of (1 - p/20) + 862/8?
2, 3
Let g = -10902 - -23700. What are the prime factors of g?
2, 3, 79
Suppose 5055 + 6021 = 26*g. Suppose -2*c + 3*j = -203, j - g = -4*c + 3*j. What are the prime factors of c?
109
What are the prime factors of 33/((-330)/40)*1*2 - -29498?
2, 3, 5, 983
Let b(j) = -j**3 + 8*j**2 - 2*j + 1. Let h be 32/(-64) + (39/(-2))/(-3). List the prime factors of b(h).
61
Let w be (-2 + 3)/(2/(-356)). Let o = w + 328. Suppose 0 = 4*q - 498 - o. What are the prime factors of q?
2, 3
Let t = 111596 + -54775. What are the prime factors of t?
56821
Let x(g) = g**2 - 5*g + 3234. Let q be x(0). Suppose 13514 = 5*l + q. List the prime factors of l.
2, 257
Suppose 0 = -17*q - 3*q - 11*q + 60047. List the prime factors of q.
13, 149
Let o(j) = -5 + 5 - 9*j**2 + 13*j + 5*j**3 - 3. Let q(m) = -4*m**3 + 9*m**2 - 12*m + 3. Let n(u) = 5*o(u) + 6*q(u). List the prime factors of n(-8).
3, 41
Let n = 30391 + -21040. What are the prime factors of n?
3, 1039
Suppose 14*b + 2*j = 11*b + 14, 2*j - 22 = -5*b. Suppose 3*l - b*u = 308, u - 10 = 3*u. List the prime factors of l.
2, 3
Let m(g) be the second derivative of g**4/6 - 5*g**3/3 + 34*g**2 + 4*g - 6. List the prime factors of m(-15).
2, 167
Let m(h) = -h**3 + 44*h**2 + 38*h - 215. What are the prime factors of m(21)?
2, 31, 173
Suppose -2*y + 80 = 3*u, 3*u = -u - 3*y + 107. Suppose u*a - 20*a = 1278. List the prime factors of a.
3, 71
Let q(g) = g**2 + 2*g - 12. Let m be q(-7). Suppose -m*x = -13*x - 4960. List the prime factors of x.
2, 31
Let n(q) = -13*q**3 + q**2. Let m be n(-1). Let d be 1 + -1 + (16 - m). Suppose g - 128 = -2*g - d*f, 0 = 3*g - 4*f - 140. What are the prime factors of g?
2, 11
Let i be (-80)/12*(-120)/(-100). Let b = 100 - 246. List the prime factors of 8/i + (1 - b).
2, 73
Let v be (-32)/56*(21/(-6))/1. Suppose p - v*h = 2*h + 144, -2*h = -2*p + 288. What are the prime factors of p?
2, 3
Suppose -3*s - 2*s = 4185. What are the prime factors of (0 + s)*(1 - (-15)/(-9))?
2, 3, 31
Suppose -o + 98 = 4*n - 6*o, -4*n + 96 = -4*o. Let j = -26 + n. What are the prime factors of (3 + (-158)/j)*2?
5, 17
Suppose o - 12 = -b, 3*o = 8*b - 3*b + 52. Suppose o*d - 6920 = 1088. What are the prime factors of d?
2, 11, 13
Suppose -2*k - 5*c - 9 = 0, -2*k = -k - 2*c. Suppose 0 = 5*v + 157 + 13. Let d = k - v. What are the prime factors of d?
2
Suppose -u + 29 = -5*j, 7*u - 4*u - 3*j = 39. List the prime factors of (-1)/u*3*134*-15.
2, 5, 67
Let a(w) = 118*w - 56. What are the prime factors of a(47)?
2, 3, 5, 61
Let g(k) = -31*k - 125. Let c be g(-4). List the prime factors of c + 6 + 23 + 7.
5, 7
Let g(f) = 50*f**3 + 4*f**2 + 4. Let j be g(-3). List the prime factors of (13 + 1)/((-20)/j).
7, 131
Suppose 8 = 6*l - 16. Suppose -133 + 1069 = l*m. Suppose 0*x = 2*x - m. What are the prime factors of x?
3, 13
Suppose -39*v = -1763098 - 1112840. List the prime factors of v.
2, 36871
Let c(m) = 13*m**2 - 2*m - 3. Let y be c(-2). Let q(i) = i**3 - 10*i**2 - 55*i - 38. Let v be q(14). Let f = y + v. List the prime factors of f.
29
Let d(u) = 4*u**3 - 5*u**2 - 2*u - 5. Let f = 207 - 203. What are the prime factors of d(f)?
163
Let x(j) = -j**2 + 20*j - 34. Let w be x(18). Suppose 0 = 2*k, -w*f + 464 - 14 = -2*k. What are the prime factors of f?
3, 5
Suppose 4*l = 6*m - 7*m + 10498, -3*l + 41966 = 4*m. List the prime factors of m.
2, 5, 1049
Let d = 18880 + -7698. List the prime factors of d.
2, 5591
Let r(h) = 48*h**2 + 42*h + 12. Let i be r(-6). Suppose -11*q + 14*q - i = 0. List the prime factors of q.
2, 31
Let b = 1991 + -981. What are the prime factors of b?
2, 5, 101
Suppose 13*z - 226 + 1435 = 0. Let m = -50 - z. What are the prime factors of m?
43
Suppose -234*o + 48 = -232*o. Let g = 338 + o. What are the prime factors of g?
2, 181
Let s(l) = l**2 + 114*l - 2376. Let g be s(18). Suppose i - 5*u - 6 = 0, -i + 4*u = 2*i - 18. List the prime factors of i/(-28)*-7*(2 + g).
3
Suppose -30 = 5*g - 5*x, 4*g + x = g - 10. Let a be ((-14)/2 - g)*6. List the prime factors of a/12*(1 - 41).
2, 3, 5
What are the prime factors of (-3)/10 - (-3560817)/(-130)*2/(-6)?
2, 5, 11, 83
Let j = -458 + 765. Let c = 771 + j. List the prime factors of c.
2, 7, 11
Let m(v) = -5*v**2 + 3*v + 2. Let j be m(-2). Let y = j + 28. Suppose -90 = -y*s + 34. What are the prime factors of s?
31
List the prime factors of (-5)/(-20)*(2227 - -2)*156/9.
13, 743
Let j = 53 + -55. Let x be ((-12)/(-30))/((j/(-20))/1). Suppose 3*n + 554 = 5*q, -n + 94 = q + x*n. What are the prime factors of q?
109
Suppose -27*z = -47*z - 36*z + 2441096. What are the prime factors of z?
43591
Suppose -16*g + 542 = -50. List the prime factors of (g + -39)/((-4)/3266).
23, 71
Suppose 378 = t + 2*i - 1208, 5*t - i = 7897. Suppose -5*j + 5*o - t = 0, -j = 4*j + 3*o + 1620. What are the prime factors of (-4)/(12/j) + 9/(-3)?
2, 13
Let g(y) = 37 + 2*y**2 + 79*y - 3*y**2 - 59*y. Let r be (-1)/2*(0 + -38). What are the prime factors of g(r)?
2, 7
Let b(i) = 2*i**2 + 11*i - 6. Let y(v) = -v**2 + 6*v - 5. Let j be y(5). Suppose t = -j*t + 8. List the prime factors of b(t).
2, 3, 5, 7
Let q(x) = -x**3 + 7*x**2 + 10*x - 14. Let j = -23 + 31. Let g be q(j). Suppose 0*a + 5*u + 78 = g*a, -156 = -4*a - u. List the prime factors of a.
3, 13
Let m = 15348 + -3714. What are the prime factors of m?
2, 3, 7, 277
Let x = 210 + -208. Suppose 18*s + 832 = 19*s - 3*c, x*s + 4*c - 1674 = 0. What are the prime factors of s?
5, 167
Suppose -22*l = -2*l - 129334 - 34986. What are the prime factors of l?
2, 13, 79
Suppose 6*m - 4691 - 14154 = 2263. List the prime factors of m.
2, 1759
Let a be (8/(2 + 2) - 4) + 282. Suppose -2*b + a = 2*b. Let r = -12 + b. List the prime factors of